rime factors of 121097752?
2, 277, 54647
List the prime factors of 415165340.
2, 5, 167, 124301
What are the prime factors of 984168045?
3, 5, 7, 23, 135841
What are the prime factors of 75237057?
3, 7, 43, 27773
What are the prime factors of 55281180?
2, 3, 5, 921353
List the prime factors of 906421842.
2, 3, 50356769
What are the prime factors of 159122297?
1151, 138247
List the prime factors of 9545301.
3, 1060589
List the prime factors of 2113816592.
2, 31, 4261727
What are the prime factors of 35668129?
7, 107, 6803
List the prime factors of 10010030.
2, 5, 1001003
List the prime factors of 289271897.
23, 29, 67, 6473
List the prime factors of 10340545.
5, 2068109
What are the prime factors of 134372574?
2, 3, 7, 355483
List the prime factors of 2153764706.
2, 1076882353
List the prime factors of 162696627.
3, 6025801
What are the prime factors of 2014778650?
2, 5, 40295573
List the prime factors of 2031965226.
2, 3, 112886957
What are the prime factors of 3470069506?
2, 31, 307, 182309
What are the prime factors of 1958131761?
3, 1523, 428569
List the prime factors of 47275822.
2, 11, 73, 29437
List the prime factors of 9175638857.
7, 11, 109, 1093249
List the prime factors of 2231553196.
2, 23, 997, 24329
What are the prime factors of 4865532315?
3, 5, 7, 3463, 13381
What are the prime factors of 75940118?
2, 41, 926099
List the prime factors of 466398699.
3, 13, 79, 151379
What are the prime factors of 260457571?
11, 109, 217229
List the prime factors of 3025715061.
3, 1008571687
List the prime factors of 303556805.
5, 31, 1958431
List the prime factors of 43524885.
3, 5, 229, 12671
List the prime factors of 66494015.
5, 7, 19, 99991
List the prime factors of 437461502.
2, 101, 2165651
What are the prime factors of 197090596?
2, 173, 284813
What are the prime factors of 1549548465?
3, 5, 41, 2519591
List the prime factors of 280394537.
127, 2207831
List the prime factors of 1433729666.
2, 29, 547, 45191
List the prime factors of 76543251.
3, 487, 52391
What are the prime factors of 310355824?
2, 1619, 11981
What are the prime factors of 559542004?
2, 7, 449, 44507
List the prime factors of 8645443875.
3, 5, 167, 5113
What are the prime factors of 2775046847?
317, 8754091
What are the prime factors of 1192308291?
3, 29, 4568231
List the prime factors of 2725680821.
1907, 1429303
List the prime factors of 51421238.
2, 11, 23, 151, 673
List the prime factors of 1110183045.
3, 5, 17, 4353659
List the prime factors of 41011108.
2, 73, 140449
What are the prime factors of 35903324?
2, 647, 13873
What are the prime factors of 4990570639?
4990570639
List the prime factors of 52445353.
191, 274583
What are the prime factors of 667187487?
3, 31, 1069, 2237
What are the prime factors of 4156706454?
2, 3, 15887, 43607
What are the prime factors of 581734327?
581734327
List the prime factors of 64096895.
5, 12819379
What are the prime factors of 69939165?
3, 5, 4662611
List the prime factors of 186000868.
2, 31, 1500007
List the prime factors of 164942549.
41, 313, 12853
List the prime factors of 125823610.
2, 5, 11, 1143851
What are the prime factors of 82491266?
2, 11, 13, 2017
What are the prime factors of 521939093?
13, 353, 673
What are the prime factors of 32046318?
2, 3, 1780351
What are the prime factors of 49942418?
2, 24971209
List the prime factors of 474448938.
2, 3, 239, 330857
What are the prime factors of 3138231?
3, 1046077
List the prime factors of 1284614697.
3, 89, 929, 5179
What are the prime factors of 28439058?
2, 3, 53, 89431
List the prime factors of 549716428.
2, 31, 149, 29753
What are the prime factors of 13591705?
5, 41, 66301
What are the prime factors of 227676371?
13, 17513567
What are the prime factors of 130597380?
2, 3, 5, 241847
What are the prime factors of 501121080?
2, 3, 5, 154667
List the prime factors of 2936692974.
2, 3, 179, 1033, 2647
What are the prime factors of 49762271?
13, 23, 166429
List the prime factors of 819968629.
2393, 342653
List the prime factors of 1230903442.
2, 615451721
What are the prime factors of 34046292?
2, 3, 7, 101, 4013
List the prime factors of 2377004285.
5, 29, 16393133
List the prime factors of 102728340.
2, 3, 5, 11, 13, 307
List the prime factors of 246392109.
3, 2803, 9767
What are the prime factors of 22202637?
3, 7400879
List the prime factors of 5796014900.
2, 5, 13, 4458473
List the prime factors of 5826812.
2, 1456703
What are the prime factors of 174811958?
2, 163, 536233
List the prime factors of 49382946.
2, 3, 101611
List the prime factors of 500293230.
2, 3, 5, 16676441
What are the prime factors of 370609510?
2, 5, 37060951
What are the prime factors of 132259829?
13, 10173833
What are the prime factors of 2366641?
67, 35323
List the prime factors of 1227759184.
2, 2161, 35509
List the prime factors of 1421241517.
107, 109, 233, 523
List the prime factors of 148914046.
2, 661, 112643
What are the prime factors of 74198524?
2, 47, 394673
List the prime factors of 44739434.
2, 379, 59023
What are the prime factors of 50067862?
2, 13, 29, 66403
List the prime factors of 65667637.
7, 37, 253543
What are the prime factors of 46339188?
2, 3, 7, 79, 6983
List the prime factors of 3120361678.
2, 7, 19, 47, 249589
List the prime factors of 116466540.
2, 3, 5, 79, 24571
List the prime factors of 1813876713.
3, 11, 6107329
What are the prime factors of 967559693?
31, 31211603
What are the prime factors of 5904865304?
2, 13, 47, 1208033
List the prime factors of 82556113.
1531, 53923
What are the prime factors of 1363543344?
2, 3, 17, 29, 19207
What are the prime factors of 2953988493?
3, 17, 47, 1033, 1193
List the prime factors of 62109987.
3, 20703329
What are the prime factors of 296460565?
5, 151, 392663
List the prime factors of 19465969.
17, 1145057
What are the prime factors of 3884155317?
3, 7, 79, 780421
List the prime factors of 760483627.
17, 59, 71, 181
What are the prime factors of 404192824?
2, 7, 73, 98873
List the prime factors of 2398322324.
2, 131, 4576951
What are the prime factors of 223545869?
17, 13149757
List the prime factors of 21015565.
5, 4203113
List the prime factors of 546332265.
3, 5, 383, 31699
List the prime factors of 847289682.
2, 3, 41, 1148089
What are the prime factors of 292475359?
11, 31, 53, 16183
List the prime factors of 1674605892.
2, 3, 139550491
What are the prime factors of 444889168?
2, 109, 255097
What are the prime factors of 85012177?
89, 955193
List the prime factors of 38226285.
3, 5, 17, 107, 467
What are the prime factors of 1893399645?
3, 5, 991, 127373
List the prime factors of 807746184.
2, 3, 7, 228953
List the prime factors of 1680008188.
2, 701, 599147
List the prime factors of 58777875.
3, 5, 13, 4019
List the prime factors of 24454634.
2, 19, 157, 4099
List the prime factors of 794089991.
794089991
List the prime factors of 41450820.
2, 3, 5, 191, 3617
List the prime factors of 1422987359.
1422987359
What are the prime factors of 202098321?
3, 163, 15307
List the prime factors of 1493627120.
2, 5, 31, 602269
List the prime factors of 152790324.
2, 3, 19, 313, 2141
What are the prime factors of 588302034?
2, 3, 17, 353, 16339
What are the prime factors of 439620150?
2, 3, 5, 241, 12161
List the prime factors of 25021940.
2, 5, 1251097
What are the prime factors of 5176444518?
2, 3, 7, 1319, 31147
List the prime factors of 511083284.
2, 283, 353, 1279
What are the prime factors of 139581169?
7, 13, 17, 90227
What are the prime factors of 143200168?
2, 17900021
What are the prime factors of 390336099?
3, 17, 7653649
What are the prime factors of 31513881?
3, 7, 61, 73, 337
List the prime factors of 336087181.
19, 131, 135029
List the prime factors of 40541005.
5, 17, 41, 11633
List the prime factors of 73611460.
2, 5, 13, 283121
What are the prime factors of 3361047056?
2, 210065441
What are the prime factors of 7431633646?
2, 3715816823
What are the prime factors of 42920847?
3, 176629
List the prime factors of 111381708.
2, 3, 9281809
List the prime factors of 6553088856.
2, 3, 1063, 85621
What are the prime factors of 11770532?
2, 113, 26041
List the prime factors of 364791331.
89, 4098779
What are the prime factors of 4234665148?
2, 7, 23, 6575567
What are the prime factors of 4170118820?
2, 5, 7, 59, 504